 3, 11
Let g(f) = -f**2 - 3*f - 2. Suppose 0*q - 2 = 2*q + 4*z, 4*q = -5*z - 7. Let d be g(q). List the prime factors of 273/6 - 1/d.
2, 23
What are the prime factors of (-10)/(-6)*3 - (-885 - 72)?
2, 13, 37
Suppose -16*m = -1817 - 1287. What are the prime factors of m?
2, 97
Let j(s) = -s - 1. Let h = -14 - -16. Let q be j(h). What are the prime factors of (-24)/9*(q + 0)?
2
Let p(f) = f**3 + 2*f**2 - 4*f - 3. Let o be p(-3). Suppose 3*v + 2*v - 240 = -5*k, -3*v - 5*k + 138 = o. What are the prime factors of v?
3, 17
Let d(f) = -f**3 + 11*f**2 + 12. Let r be d(11). Suppose 7*s = s + 6. List the prime factors of -3*((-44)/r)/s.
11
Let u(r) be the second derivative of r**5/20 + 5*r**4/4 - 4*r**3/3 + 9*r**2/2 - 5*r. What are the prime factors of u(-15)?
3, 43
Let d be (-5)/30 - 74/(-12). Let k(g) = 11*g - 4. Let m(w) = -10*w + 5. Let n(j) = -4*k(j) - 5*m(j). What are the prime factors of n(d)?
3
Let k(z) = z + 4. Let q be k(3). Let u(h) = -h**2 + 3*h + 9. Let n be u(q). Let x = 49 + n. List the prime factors of x.
2, 3, 5
Suppose -t + 18 = 3*i - 10, 3*t = -i + 44. Suppose -4*l = -4*x + 300, x - 3*l + t - 86 = 0. What are the prime factors of x?
2, 19
Let u(x) = -2*x**3 - 33*x**2 - 36*x - 76. List the prime factors of u(-18).
2, 193
Let r be 0*(-3 - (-28)/8). Suppose r = 6*x - 2*x - 100. List the prime factors of x/4 - (-4)/(-16).
2, 3
Let z(o) = -o**2 - 16*o + 40. Let w be z(-18). Suppose 0 = -w*q - 4*j + 328, -j = 5*q - 10*q + 410. List the prime factors of q.
2, 41
Suppose 5*i = -0*i. Suppose i = 6*u - 8*u + 208. List the prime factors of u.
2, 13
Let a(i) = -i**3 + i**2 + 40. What are the prime factors of a(-10)?
2, 3, 5, 19
Let s(x) = x**3 - 3*x**2 - x - 10. Let k be s(7). Suppose k = 3*n - v, -4*v + v = 15. What are the prime factors of n?
2, 29
Suppose f - 132 = -4*b + 1154, -3*b + f = -961. List the prime factors of b.
3, 107
Suppose 2*c = 5*u - 987, 3*u + 2*c - 594 = 5*c. Let r = u - 137. Suppose 7*m = m + r. What are the prime factors of m?
2, 5
Suppose 0 = 15*s - 5*s - 10790. List the prime factors of s.
13, 83
Let x = 101 - 80. Suppose 5*q + o = 3*q + 63, -3*o - x = -q. List the prime factors of q.
2, 3, 5
Suppose -2*g + 570 = d, 0 = d - 6*d + g + 2850. List the prime factors of d.
2, 3, 5, 19
Let z = 33 - 29. Suppose 2*k = 2*w + 4, -k = z*w - 8 + 1. Suppose 8*c - k*c = 315. List the prime factors of c.
3, 7
Suppose -2*u - 3 = -3*u. Suppose -u = -2*q + 7. Suppose -4 = -q*j + 136. What are the prime factors of j?
2, 7
Suppose -2*f + h - 83 = 2*f, 0 = -5*f - 3*h - 108. Let u = 23 + f. Suppose -11 = i - u*i. List the prime factors of i.
11
What are the prime factors of (-2)/8*92/69*-3681?
3, 409
Let b = 259 - 73. List the prime factors of b.
2, 3, 31
Let j(k) = -k**2 - 12*k - 4. Let p(q) = q. Let r(a) = -13*a - 1. Let b(z) = 4*p(z) + r(z). Let d be b(1). What are the prime factors of j(d)?
2
Suppose 0 = -2*s - 0*t + 2*t + 8, s - 4*t = -2. Let h be 4/14 - s/21. Suppose h = o + 4*o + 5*p - 45, 5*p + 67 = 3*o. What are the prime factors of o?
2, 7
Suppose -20*w + 251 = 3*c - 16*w, 4*c + 2*w - 338 = 0. What are the prime factors of c?
5, 17
Suppose 3*b + 1311 = 6*b. What are the prime factors of b?
19, 23
Let b(g) = 6 + 2 + g + 0*g. Let j be b(0). Suppose -6*q - 60 = -j*q. What are the prime factors of q?
2, 3, 5
Let x be (-132)/(-2 + -1) + -4. Let s = x + -24. What are the prime factors of s?
2
Let h be 2748/6*(-1)/(-1). Suppose 0 = 3*n - h - 169. What are the prime factors of n?
11, 19
Suppose -7*s + 10*s - 2460 = 0. Suppose 4*l + 144 = s. What are the prime factors of l?
13
Suppose 0 = 15*j - 79537 + 33757. List the prime factors of j.
2, 7, 109
Suppose 60 = 5*c - c. Let u(g) = -g**3 + 14*g**2 + 17*g + 5. List the prime factors of u(c).
5, 7
Suppose -2*z = 3*c - 645, -5*c - 996 = -5*z + 554. List the prime factors of z.
3, 5, 7
Let z(l) = l**3 - 22*l**2 - 38*l + 34. List the prime factors of z(24).
2, 137
Let h be (-1794)/(-10) - (-6)/(-15). Suppose 0 = -5*x + 579 - h. List the prime factors of x.
2, 5
Let f be ((10/6)/5)/((-3)/(-27)). Let z(r) = -r + 4. Let a be z(0). Suppose -f*s + 37 = -a*v, -s = -4*s + 3*v + 36. What are the prime factors of s?
11
Let h(i) = i**2 + 7*i - 1. Let d(w) = -2*w**2 - 4*w + 4. Let r be d(-4). Let n = -20 - r. What are the prime factors of h(n)?
7
Let k(s) = -15*s + 58*s + 0 - 1. List the prime factors of k(1).
2, 3, 7
Let f(v) = v**3 - 2*v**2 - 7*v + 10. Let b(l) = -l - 1. Let y be b(-7). List the prime factors of f(y).
2, 7
Let b be 279 - (4 + (-7 - 0)). List the prime factors of b/6 - (0 - 0).
47
Let n(o) be the first derivative of -o**4/4 + 7*o**3/3 + 6*o**2 - 5*o - 9. List the prime factors of n(8).
3
Let f be (2 - (-2)/(-2)) + 1. Let z(n) = 2*n**2 + 6*n + 7 - 3*n - f - 4. List the prime factors of z(-2).
3
Let j = -41 - -112. Let x = -1 + -9. Let a = j + x. List the prime factors of a.
61
Suppose -4*b - 220 = 5*t, 2*b = -3*b - 5*t - 270. Let h = 140 + b. Suppose 3*d - 136 = 2*k, 2*d - k = -0*d + h. What are the prime factors of d?
2, 11
Suppose -6*f + 2*f + 550 = -5*v, -595 = 5*v + 5*f. Let d = v - -59. Let b = d - -82. List the prime factors of b.
3
Suppose 0 = z - 0 + 4, 5*z - 324 = -2*v. List the prime factors of v.
2, 43
Let z = 299 + 485. Suppose -z = -7*g - 119. List the prime factors of g.
5, 19
Let d(b) = -16 - 20*b + 34*b + b. What are the prime factors of d(10)?
2, 67
Let m(u) = 4*u**2 + 2*u - 2. Let q be m(1). Suppose q*b = 2*b + 12. Let w(d) = -d**2 + 8*d - 5. What are the prime factors of w(b)?
7
Let d be (9/(-6))/((-2)/24). Let n = 11 - d. Let q = 0 - n. List the prime factors of q.
7
Suppose -3*h - 3*u = -4*u + 16, u = 1. Let y = 10 + h. What are the prime factors of (-2)/(3 - y)*6?
2, 3
Let z = 479 - -447. What are the prime factors of z?
2, 463
Let k(u) be the first derivative of -u**3/3 + 7*u**2 - 5*u - 10. What are the prime factors of k(8)?
43
Let k = -194 + 514. Suppose 2*w = 2*x - 6*x + 166, k = 4*w + 4*x. What are the prime factors of w?
7, 11
Suppose 12*c + 14 = 11*c. Let h be (-18)/42 + 50/c. Let y(m) = -m**3 + 7*m + 7. What are the prime factors of y(h)?
43
Let v(s) be the first derivative of -59*s**2/2 - 2*s + 15. Let h be v(-2). Suppose 0*y - 4*y + h = 0. List the prime factors of y.
29
Suppose -n + 4*c - c + 6 = 0, -4*c = -5*n + 85. List the prime factors of ((-36)/(-14))/(3/n).
2, 3
Suppose 47*n - 43*n = 1768. Let g = 623 - n. List the prime factors of g.
181
What are the prime factors of (4554/8)/3 + (-52)/(-208)?
2, 5, 19
What are the prime factors of (-6)/(-1) + (5743 - -5)?
2, 3, 7, 137
Let g(j) = j**2 - 7*j + 3. Let o(n) = -3*n + 5. Let d(a) = -a + 2. Let f(r) = -7*d(r) + 3*o(r). Let u be f(-4). What are the prime factors of g(u)?
3, 7
Let c(j) = -433*j - 41. What are the prime factors of c(-1)?
2, 7
Let c be -119 + (1 - 5)/(-4). Let a = c - -58. Let z = -41 - a. List the prime factors of z.
19
Let l(g) = g**2 - 6*g + 10. Let u be l(4). Let a be (u + 6)/4 - -127. Suppose -3*s + t + a = 18, 0 = -t - 3. List the prime factors of s.
2, 3
Suppose 0 = -6*v - 134 + 440. Suppose -2*g + g + v = 0. What are the prime factors of g?
3, 17
Let q be ((-4)/4 + 7)*-1. List the prime factors of q + 4 - (1 + 11)/(-1).
2, 5
Suppose g - 4 = 4*v - 1, -5*g = 4*v + 33. Let j(s) = -3*s**3 + 3*s**2 + 2*s - 1. What are the prime factors of j(v)?
31
Suppose 5*q + 4 + 1 = 0, 8 = r + 3*q. Let h = -6 + r. Suppose -o = -4*y - 45, 4*y + 172 = h*o - 5. List the prime factors of o.
3, 11
Let r = 159 + -53. What are the prime factors of r?
2, 53
Let m(h) = -h**3 - 12*h**2 - 13*h + 9. Let p = 39 - 28. Suppose 3*z + 44 = p. List the prime factors of m(z).
31
Let g(t) = t**2 + t. Let u(d) = -d**3 + d - 7. Let j(a) = 5*g(a) + u(a). What are the prime factors of j(4)?
3, 11
Suppose -9*c - 640 = -11*c. List the prime factors of c.
2, 5
Let l(x) = x**3 - 5*x**2 + 4*x. Let f be l(4). Suppose f = 5*c - 2*w + 15, -w + 3*w = 0. What are the prime factors of -3 - (-88)/(-6)*c?
41
Let s = 3028 - 494. List the prime factors of s.
2, 7, 181
Let k(b) = -972*b**3 - 4*b - 3. List the prime factors of k(-1).
7, 139
Suppose -2*t = -3*t. Suppose t = -2*p + p. Suppose -4*n - 46 = -2*x, p = -x + 4*n + 7 + 6. What are the prime factors of x?
3, 11
Suppose -5*v - r + 6 = 1, -5*v + 4*r = 20. Suppose 2*p + 3*q + v*q = 74, -